
Suppose -124 = -3*u - u + 4*j, -2*u + 4*j = -72. Suppose 0 = 2*q - 3*q + u. Let m = 501 + -293. What is the greatest common factor of q and m?
26
Let u = 513 - 502. What is the highest common divisor of u and 253?
11
Let d = 142 + -27. Suppose -j = -20 - d. Let f = j - 85. Calculate the highest common factor of 75 and f.
25
Let k be (4 + (3 - 2))/1. Suppose k*l - 60 - 120 = 0. Let o be 1/2*24/3. What is the greatest common divisor of o and l?
4
Let v be -1 - 2 - (0 + -3). Let o be -2 - v - -27 - -3. Let g = -15 + o. What is the greatest common divisor of 52 and g?
13
Let n(z) = -4*z**2 - 6*z + 1. Let g be n(-3). Let x be (-8)/10*(1 - g/(-2)). Let y be (-2 - 7)*(-28)/6. Calculate the greatest common divisor of y and x.
6
Let i be (-9 - -8)/((-1)/(-2)). Let h(n) = -52*n + 4. Let p be h(i). What is the greatest common factor of 27 and p?
27
Suppose 15*y - 11*y = -248. Let s = -38 - y. What is the highest common divisor of s and 12?
12
Let b(i) = i**3 - 2*i**2 + 2*i + 6. Let z be b(0). Let a = -689 + 1393. Let n be 9/4*a/24. What is the greatest common divisor of z and n?
6
Let x(q) = q**3 - 11*q**2 + 4*q - 27. Let o be x(11). Suppose -21 = 2*d - 3*d. Suppose 47 = c - d. What is the highest common factor of o and c?
17
Let j = 216 - 80. Let z be (-36)/24 + -1 + (-78)/(-4). Calculate the greatest common factor of j and z.
17
Let r = 16124 + -16114. Let f(m) = -14*m - 4. Let d be f(-6). Calculate the highest common divisor of r and d.
10
Suppose 0 = 4*k - 2*k - 8. Suppose -14*c + 128 = -6*c. Calculate the highest common factor of c and k.
4
Let j be (-104)/(-91)*(-175)/(-2). Calculate the greatest common factor of j and 100.
100
Suppose 3*n = -2*c + 39, 0*n - 66 = -3*c - 3*n. What is the greatest common divisor of 18 and c?
9
Let s(w) = -2*w**2 + 16*w + 5. Let c be s(11). Let n = 93 - c. Suppose x = m + n - 55, -5 = -5*m. Calculate the greatest common factor of x and 40.
20
Let u(b) = 11*b**2 - 12*b - 24. Let o be u(-2). What is the greatest common divisor of o and 308?
44
Let a(k) = -10*k + 4. Let j be a(-4). Suppose -2*f = 2*r - 18, -2*r + 8*f = 11*f - 23. Calculate the highest common divisor of r and j.
4
Suppose 5*y + 8*k - 26 = 4*k, y - 4*k = -14. Suppose -2*t + 5 = -5*a, a - 7*t + 24 = -2*t. Let d = a + 15. Calculate the greatest common factor of d and y.
2
Suppose -4*l - 118 = -3*b, 5*b + 5*l - l - 154 = 0. Calculate the greatest common factor of b and 34.
34
Let c = -43 - -61. Let t(i) = 4*i**2 - 9*i + 11. Suppose 4*k + 4*p = 2*p + 22, -2*k = 5*p + 1. Let w be t(k). What is the highest common factor of w and c?
18
Let r(h) = 16*h + 3. Let o be r(6). Suppose -11*n - 7*n + 198 = 0. What is the highest common divisor of n and o?
11
Suppose -o + 6*n = 3*n - 24, 2*o - 2*n = 40. Suppose -12 = -5*u + o. Suppose -22*g + 20*g = -18. Calculate the greatest common divisor of g and u.
3
Let l = 0 + 0. Let y = l + 2. Suppose -2*n + 2*o + 14 = 0, -3*n + 40 = 3*o + 25. Calculate the greatest common divisor of n and y.
2
Suppose -5*s = 4*u - 1664, s - 832 = -2*u + 6*s. What is the greatest common factor of 160 and u?
32
Let g(h) = -2*h + 3*h + 0*h + 15. Let f(d) = d**3 - 5*d**2 - 6*d - 11. Let q be f(6). Let k be g(q). What is the highest common divisor of 10 and k?
2
Suppose 3*k - 4*k + 2*r = 109, -5*k + 4*r = 539. Let x = k + 110. Calculate the greatest common divisor of 3 and x.
3
Suppose -5*o = -2*o. Let x be (1 - o)*1*52. Let k(g) = g**3 + 80*g**2 + 15*g + 1278. Let f be k(-80). Calculate the highest common factor of f and x.
26
Suppose 0*c + 3*c = -5*d + 131, -5*d - 5*c + 125 = 0. Calculate the highest common factor of 1764 and d.
28
Let i = 449 - 419. Calculate the highest common factor of i and 165.
15
Suppose 5*l = -4*l + 270. What is the greatest common divisor of 105 and l?
15
Suppose -3*t - 2 = -2*b - 4, -3*t = -4*b - 16. Let y = b + 7. Suppose 2*a + 5 - 7 = y. Calculate the greatest common divisor of a and 1.
1
Suppose -g + 3*g = 0. Suppose 2*f - 11 - 5 = g. Suppose 2691*q = 2698*q - 280. What is the highest common factor of q and f?
8
Suppose 0 = -2*l + 9 + 19. Let k(z) = 3*z**3 - 3*z**2 - 3*z. Let p be k(-2). Let s = p - -72. Calculate the highest common factor of s and l.
14
Suppose 0 = -3*j + p + 50 - 3, 3*p + 51 = 3*j. What is the highest common divisor of 39 and j?
3
Let x = 230 + -76. Let w = x + -86. Calculate the greatest common factor of w and 17.
17
Suppose 13319 - 55207 = -28*v. What is the highest common factor of v and 88?
88
Let b(z) = 6*z**2 + 27*z + 10. Let i be b(-5). What is the highest common factor of 170 and i?
5
Let o(t) = -t**3 + 8*t**2 - 12*t - 2. Let u be o(6). Let v be 3*(u + (-6)/((-36)/14)). What is the highest common factor of v and 11?
1
Suppose -21*s = 11*s + 42*s - 1110. Let p(y) = 6*y**2 - 3*y + 1. Let h be p(5). Let j be (-2 - (-1 + 0)) + h. Calculate the highest common divisor of s and j.
15
Let k be (-1)/(-4*8/864). Calculate the highest common divisor of 54 and k.
27
Suppose -25*q + 16328 + 13072 = 0. What is the highest common divisor of q and 24?
24
Let c be -1 + (-4)/12 - 1168/(-12). What is the greatest common divisor of 120 and c?
24
Let i be 12/24 - 1/2. Suppose -r = -1, -2*f + 0*f - 2*r - 16 = i. Let c be (36 + f)/(0 - -1). Calculate the greatest common factor of 9 and c.
9
Suppose 4*m - 52 = -2*w, -2*w = 5*m - 35 - 19. Let v be ((-22)/3)/((-2)/15). Calculate the highest common factor of w and v.
11
Suppose -23*k = -2713 - 507. Calculate the highest common divisor of 28 and k.
28
Suppose 9*n = 10*n - g - 80, -3*n = 5*g - 240. Suppose -o = -4*q + 39, o - 32 - 19 = -5*q. Calculate the highest common factor of q and n.
10
Let h = 33 + 330. Suppose 3*n = -3*c + 5*c + h, 3*n - c = 363. Calculate the highest common factor of n and 11.
11
Suppose 4*j + 4 = 0, 2*n - 7*n - j = -24. Suppose -6*r + n = -643. What is the highest common divisor of r and 12?
12
Let z = 1265 - 899. Calculate the greatest common divisor of 24 and z.
6
Let k be (-16)/12*(1 - 22/4). Suppose -k*j + 150 = -j. Calculate the greatest common factor of 10 and j.
10
Suppose -624 = -12*r - 60. What is the greatest common factor of 2867 and r?
47
Let o = -17 - -19. Suppose -g - b = -o*b - 5, 2*g - 40 = -4*b. Let f be 66/g + 16/40. Calculate the greatest common divisor of f and 77.
7
Suppose -2 = -5*o + 28. Suppose o = -8*p + 11*p. Suppose -2*f = -2, -p*f = 2*y + 3*f - 35. Calculate the greatest common factor of 30 and y.
15
Let o(w) = 3*w + 20. Let u(l) = 13*l + 79. Let s(y) = 9*o(y) - 2*u(y). Let k be s(-10). Let g be 8/k - (-129)/9. Calculate the highest common factor of 3 and g.
3
Let t = 1945 - 667. What is the highest common factor of 71 and t?
71
Suppose 3*f = 3*x + 360, -6*x + 11*x = -3*f + 336. What is the greatest common factor of f and 312?
39
Let x be (6/(-9))/(6/(-90)). Let z = -6 + x. Suppose -501 = -z*o + 59. What is the greatest common factor of o and 28?
28
Let c(s) = 45*s - 53. Let h be c(3). What is the highest common factor of h and 369?
41
Let n(s) = -316*s + 23*s**2 - 12 + 318*s + 3. Let v be n(3). Calculate the greatest common divisor of 12 and v.
12
Let o = -694 - -697. Calculate the greatest common divisor of 75 and o.
3
Suppose 4*n + 417 = -y + 4*y, -5*y - 3*n + 666 = 0. What is the greatest common factor of 180 and y?
45
Let d = -916 + 956. Calculate the highest common factor of d and 500.
20
Let f(m) = 8*m**2 - m - 12. Let g be f(-2). What is the greatest common divisor of 11 and g?
11
Let m(g) = -g**2 + 9*g - 17. Let n be m(3). Suppose 0*l - 5*l + 55 = 0. Calculate the greatest common factor of l and n.
1
Let k(v) = 5*v - 10. Let x be k(11). Let t(p) = 5*p**3 - 12*p**2 + 2*p**2 + 2*p + 2 + 0 + 6*p**2. Let g be t(2). What is the highest common factor of g and x?
15
Suppose 4*x - 2*d - 6 = 0, -5*x + d + 3*d + 6 = 0. Suppose -26 = -x*r + 30. Calculate the highest common divisor of 28 and r.
28
Let y = -101 - -141. Calculate the highest common factor of 100 and y.
20
Suppose -8064 = w - 33*w. What is the greatest common divisor of w and 12?
12
Let l = 307 + -54. Let v be 1/(-5) - 580/(-25). Calculate the greatest common factor of v and l.
23
Let a be ((-2)/(-5))/((-6)/30)*-2. What is the greatest common divisor of 124 and a?
4
Let f(z) = -z**2 - 21*z - 10. Let q be f(-20). Let h be (-2)/(-2) + 10/q - -133. What is